{"id":144,"date":"2021-10-08T14:24:24","date_gmt":"2021-10-08T12:24:24","guid":{"rendered":"https:\/\/trackable.de\/ducks\/?page_id=144"},"modified":"2024-11-14T14:48:51","modified_gmt":"2024-11-14T13:48:51","slug":"alle-funde-statistik","status":"publish","type":"page","link":"https:\/\/trackable.de\/ducks\/alle-funde-statistik\/","title":{"rendered":"Statistik"},"content":{"rendered":"\n<div class=\"wp-block-columns is-layout-flex wp-container-core-columns-is-layout-28f84493 wp-block-columns-is-layout-flex\">\n<div class=\"wp-block-column is-layout-flow wp-block-column-is-layout-flow\" style=\"flex-basis:100%\">\n<div class=\"wp-block-group alignfull is-layout-flow wp-block-group-is-layout-flow\">\n<div class=\"alignfull wp-block-ugb-header ugb-header ugb-4f45d6c ugb-header ugb-header--v3 ugb-header--design-plain ugb-main-block ugb--has-custom-content-width ugb-main-block--inner-center ugb--has-block-background ugb--has-background-overlay\"><style>.ugb-4f45d6c .ugb-header__title{font-size:45px !important;color:#ffffff;text-align:center !important;margin-bottom:-4px !important}.ugb-4f45d6c .ugb-header__subtitle{color:#ffffff;margin-bottom:-50px !important}.ugb-4f45d6c .ugb-inner-block{text-align:center}.ugb-4f45d6c.ugb-header{background-color:#33754c;background-image:url(https:\/\/trackable.de\/ducks\/wp-content\/uploads\/2021\/09\/098.jpg)}.ugb-4f45d6c.ugb-header > .ugb-inner-block{max-width:2500% !important}.ugb-4f45d6c{padding:0 !important}.ugb-4f45d6c.ugb-header:before{background-image:linear-gradient(90deg,#33754c 0%,#26797e 100%);opacity:0.4}@media screen and (max-width:768px){.ugb-4f45d6c.ugb-header{min-height:30vh}}<\/style><div class=\"ugb-inner-block ugb-inner-block--center\"><div class=\"ugb-block-content\"><div class=\"ugb-header__item\"><div class=\"ugb-content-wrapper\"><h1 class=\"ugb-header__title\">Statistik aller gefundenen Enten<\/h1><p class=\"ugb-header__subtitle\">ein erster Anfang f\u00fcr ein bisschen Statistik<\/p><\/div><\/div><\/div><\/div><\/div>\n<\/div>\n\n\n\n<div class=\"wp-block-group is-nowrap is-layout-flex wp-container-core-group-is-layout-6c531013 wp-block-group-is-layout-flex\"><\/div>\n<\/div>\n<\/div>\n\n\n\n<div class=\"wp-block-columns is-layout-flex wp-container-core-columns-is-layout-28f84493 wp-block-columns-is-layout-flex\">\n<div class=\"wp-block-column is-layout-flow wp-block-column-is-layout-flow\" style=\"flex-basis:66.66%\"><ul class=\"wp-block-categories-list wp-block-categories\">\t<li class=\"cat-item cat-item-19\"><a href=\"https:\/\/trackable.de\/ducks\/category\/etage\/\">Etage<\/a> (89)\n<ul class='children'>\n\t<li class=\"cat-item cat-item-20\"><a href=\"https:\/\/trackable.de\/ducks\/category\/etage\/dachgeschoss\/\">Dachgeschoss<\/a> (15)\n<\/li>\n\t<li class=\"cat-item cat-item-2\"><a href=\"https:\/\/trackable.de\/ducks\/category\/etage\/ergeschoss\/\">Ergeschoss<\/a> (61)\n<\/li>\n\t<li class=\"cat-item cat-item-11\"><a href=\"https:\/\/trackable.de\/ducks\/category\/etage\/obergeschoss\/\">Obergeschoss<\/a> (13)\n<\/li>\n<\/ul>\n<\/li>\n\t<li class=\"cat-item cat-item-12\"><a href=\"https:\/\/trackable.de\/ducks\/category\/finder\/\">Finder<\/a> (89)\n<ul class='children'>\n\t<li class=\"cat-item cat-item-22\"><a href=\"https:\/\/trackable.de\/ducks\/category\/finder\/gefunden-von-dennis\/\">gefunden von Dennis<\/a> (1)\n<\/li>\n\t<li class=\"cat-item cat-item-4\"><a href=\"https:\/\/trackable.de\/ducks\/category\/finder\/gefunden-von-heike\/\">gefunden von Heike<\/a> (54)\n<\/li>\n\t<li class=\"cat-item cat-item-5\"><a href=\"https:\/\/trackable.de\/ducks\/category\/finder\/gefunden-von-sascha\/\">gefunden von Sascha<\/a> (33)\n<\/li>\n\t<li class=\"cat-item cat-item-17\"><a href=\"https:\/\/trackable.de\/ducks\/category\/finder\/gefunden-von-nico\/\">gespoilert von Nico(!)<\/a> (1)\n<\/li>\n<\/ul>\n<\/li>\n\t<li class=\"cat-item cat-item-18\"><a href=\"https:\/\/trackable.de\/ducks\/category\/ort\/\">Ort<\/a> (89)\n<ul class='children'>\n\t<li class=\"cat-item cat-item-10\"><a href=\"https:\/\/trackable.de\/ducks\/category\/ort\/badezimmer\/\">Badezimmer<\/a> (7)\n<\/li>\n\t<li class=\"cat-item cat-item-8\"><a href=\"https:\/\/trackable.de\/ducks\/category\/ort\/buero\/\">B\u00fcro<\/a> (7)\n<\/li>\n\t<li class=\"cat-item cat-item-14\"><a href=\"https:\/\/trackable.de\/ducks\/category\/ort\/dachboden\/\">Dachboden<\/a> (15)\n<\/li>\n\t<li class=\"cat-item cat-item-24\"><a href=\"https:\/\/trackable.de\/ducks\/category\/ort\/dennis-zimmer\/\">Dennis Zimmer<\/a> (1)\n<\/li>\n\t<li class=\"cat-item cat-item-3\"><a href=\"https:\/\/trackable.de\/ducks\/category\/ort\/flur\/\">Flur<\/a> (16)\n<\/li>\n\t<li class=\"cat-item cat-item-9\"><a href=\"https:\/\/trackable.de\/ducks\/category\/ort\/hauswirtschaftraum\/\">Hauswirtschaftraum<\/a> (9)\n<\/li>\n\t<li class=\"cat-item cat-item-7\"><a href=\"https:\/\/trackable.de\/ducks\/category\/ort\/kueche\/\">K\u00fcche<\/a> (12)\n<\/li>\n\t<li class=\"cat-item cat-item-15\"><a href=\"https:\/\/trackable.de\/ducks\/category\/ort\/nicos-zimmer\/\">Nicos Zimmer<\/a> (1)\n<\/li>\n\t<li class=\"cat-item cat-item-26\"><a href=\"https:\/\/trackable.de\/ducks\/category\/ort\/paincave\/\">Paincave<\/a> (3)\n<\/li>\n\t<li class=\"cat-item cat-item-25\"><a href=\"https:\/\/trackable.de\/ducks\/category\/ort\/schlafzimmer\/\">Schlafzimmer<\/a> (3)\n<\/li>\n\t<li class=\"cat-item cat-item-21\"><a href=\"https:\/\/trackable.de\/ducks\/category\/ort\/sonstiger-ort\/\">sonstiger Ort<\/a> (3)\n<\/li>\n\t<li class=\"cat-item cat-item-27\"><a href=\"https:\/\/trackable.de\/ducks\/category\/ort\/wc\/\">WC<\/a> (2)\n<\/li>\n\t<li class=\"cat-item cat-item-16\"><a href=\"https:\/\/trackable.de\/ducks\/category\/ort\/wohnzimmer\/\">Wohnzimmer<\/a> (11)\n<\/li>\n<\/ul>\n<\/li>\n\t<li class=\"cat-item cat-item-6\"><a href=\"https:\/\/trackable.de\/ducks\/category\/ungewoehnlicher-ort\/\">ungew\u00f6hnlicher Ort<\/a> (19)\n<\/li>\n<\/ul><\/div>\n<\/div>\n\n\n<p><!-- \/wp:post-content --><\/p>\n<p><!-- wp:paragraph --><\/p>\n<p><!-- \/wp:paragraph --><\/p>\n<p><!-- wp:paragraph --><\/p>\n<p><!-- \/wp:paragraph --><\/p>\n<p><!-- wp:columns --><\/p>\n<div class=\"wp-block-columns\"><!-- wp:column {\"width\":\"100%\"} --><\/p>\n<div class=\"wp-block-column\" style=\"flex-basis: 100%;\"><!-- wp:group {\"align\":\"full\"} --><\/p>\n<\/div>\n<p><!-- \/wp:group --><\/p>\n<\/div>\n<p><!-- \/wp:column --><\/p>\n<p><!-- wp:ugb\/design-library \/--><\/p>\n<p><!-- wp:ugb\/design-library \/--><\/p>","protected":false},"excerpt":{"rendered":"<p>Statistik aller gefundenen Enten ein erster Anfang f\u00fcr ein bisschen Statistik<\/p>\n","protected":false},"author":1,"featured_media":0,"parent":0,"menu_order":0,"comment_status":"closed","ping_status":"closed","template":"","meta":{"footnotes":""},"class_list":["post-144","page","type-page","status-publish","hentry"],"blocksy_meta":{"styles_descriptor":{"styles":{"desktop":"","tablet":"","mobile":""},"google_fonts":[],"version":6}},"featured_image_urls_v2":{"full":"","thumbnail":"","medium":"","medium_large":"","large":"","1536x1536":"","2048x2048":""},"post_excerpt_stackable_v2":"<p>Statistik aller gefundenen Entenein erster Anfang f\u00fcr ein bisschen Statistik Etage (89) Dachgeschoss (15) Ergeschoss (61) Obergeschoss (13) Finder (89) gefunden von Dennis (1) gefunden von Heike (54) gefunden von Sascha (33) gespoilert von Nico(!) (1) Ort (89) Badezimmer (7) B\u00fcro (7) Dachboden (15) Dennis Zimmer (1) Flur (16) Hauswirtschaftraum (9) K\u00fcche (12) Nicos Zimmer (1) Paincave (3) Schlafzimmer (3) sonstiger Ort (3) WC (2) Wohnzimmer (11) ungew\u00f6hnlicher Ort (19)<\/p>\n","category_list_v2":"","author_info_v2":{"name":"sascha","url":"https:\/\/trackable.de\/ducks\/author\/sascha\/"},"comments_num_v2":"0 comments","_links":{"self":[{"href":"https:\/\/trackable.de\/ducks\/wp-json\/wp\/v2\/pages\/144","targetHints":{"allow":["GET"]}}],"collection":[{"href":"https:\/\/trackable.de\/ducks\/wp-json\/wp\/v2\/pages"}],"about":[{"href":"https:\/\/trackable.de\/ducks\/wp-json\/wp\/v2\/types\/page"}],"author":[{"embeddable":true,"href":"https:\/\/trackable.de\/ducks\/wp-json\/wp\/v2\/users\/1"}],"replies":[{"embeddable":true,"href":"https:\/\/trackable.de\/ducks\/wp-json\/wp\/v2\/comments?post=144"}],"version-history":[{"count":6,"href":"https:\/\/trackable.de\/ducks\/wp-json\/wp\/v2\/pages\/144\/revisions"}],"predecessor-version":[{"id":438,"href":"https:\/\/trackable.de\/ducks\/wp-json\/wp\/v2\/pages\/144\/revisions\/438"}],"wp:attachment":[{"href":"https:\/\/trackable.de\/ducks\/wp-json\/wp\/v2\/media?parent=144"}],"curies":[{"name":"wp","href":"https:\/\/api.w.org\/{rel}","templated":true}]}}